on factor of 212 and 265?
53
Calculate the greatest common divisor of 312 and 96.
24
Calculate the highest common divisor of 146 and 1825.
73
Calculate the greatest common factor of 29 and 464.
29
Calculate the greatest common factor of 104 and 65.
13
Calculate the highest common factor of 18 and 729.
9
What is the greatest common divisor of 918 and 612?
306
What is the highest common factor of 15 and 1395?
15
What is the greatest common divisor of 28 and 91?
7
Calculate the greatest common divisor of 182 and 140686.
182
What is the highest common divisor of 62 and 10354?
62
What is the greatest common factor of 2 and 94?
2
What is the highest common divisor of 27 and 3?
3
What is the greatest common divisor of 66 and 8382?
66
What is the greatest common divisor of 41871 and 51?
51
What is the greatest common divisor of 408 and 18?
6
Calculate the greatest common factor of 19644 and 12.
12
What is the greatest common factor of 21 and 33?
3
What is the highest common divisor of 644 and 3059?
161
What is the highest common factor of 22 and 2134?
22
Calculate the highest common divisor of 167 and 13193.
167
Calculate the greatest common factor of 16 and 2792.
8
Calculate the highest common divisor of 8 and 8.
8
Calculate the greatest common factor of 1188 and 60.
12
Calculate the greatest common divisor of 72 and 40.
8
What is the greatest common divisor of 1836 and 476?
68
Calculate the greatest common divisor of 35 and 165.
5
Calculate the greatest common factor of 55 and 319.
11
What is the highest common divisor of 888 and 24?
24
Calculate the highest common divisor of 2449 and 248.
31
What is the greatest common divisor of 775 and 62?
31
What is the greatest common divisor of 11 and 2673?
11
Calculate the greatest common factor of 8946 and 126.
126
What is the highest common factor of 126 and 406?
14
What is the greatest common divisor of 203 and 116?
29
What is the highest common factor of 348 and 48?
12
Calculate the highest common divisor of 4469 and 109.
109
Calculate the highest common factor of 119 and 2023.
119
Calculate the highest common factor of 605 and 1089.
121
What is the greatest common divisor of 6235 and 145?
145
Calculate the greatest common factor of 2 and 142.
2
What is the greatest common divisor of 25 and 775?
25
What is the highest common factor of 32 and 27616?
32
What is the highest common factor of 945 and 35?
35
Calculate the greatest common factor of 49 and 3626.
49
What is the highest common factor of 5049 and 54?
27
What is the greatest common divisor of 40536 and 24?
24
Calculate the greatest common divisor of 5561 and 67.
67
Calculate the greatest common factor of 1339 and 26.
13
What is the greatest common factor of 215 and 129?
43
What is the greatest common divisor of 3922 and 53?
53
What is the highest common divisor of 2726 and 94?
94
What is the greatest common divisor of 45 and 162?
9
What is the highest common factor of 135 and 189?
27
Calculate the greatest common divisor of 11635 and 65.
65
Calculate the greatest common factor of 3 and 21.
3
Calculate the greatest common factor of 32 and 5736.
8
What is the greatest common divisor of 6 and 6?
6
What is the highest common divisor of 18 and 66078?
18
What is the greatest common divisor of 351 and 65?
13
What is the greatest common factor of 63 and 441?
63
What is the greatest common factor of 98 and 112?
14
What is the greatest common factor of 16 and 2672?
16
What is the greatest common factor of 90 and 34110?
90
What is the highest common divisor of 77 and 264?
11
What is the greatest common divisor of 96 and 16528?
16
Calculate the highest common factor of 13583 and 47.
47
Calculate the highest common factor of 15730 and 10.
10
Calculate the greatest common factor of 511 and 77.
7
Calculate the greatest common divisor of 99 and 3399.
33
Calculate the greatest common divisor of 8 and 5000.
8
What is the greatest common divisor of 132 and 1914?
66
Calculate the highest common divisor of 55800 and 25.
25
Calculate the highest common factor of 3 and 93.
3
Calculate the greatest common factor of 148 and 185.
37
What is the highest common divisor of 20 and 835?
5
What is the highest common factor of 17 and 5?
1
Calculate the highest common factor of 45 and 9.
9
Calculate the greatest common divisor of 288 and 252.
36
What is the greatest common factor of 60 and 75?
15
What is the greatest common divisor of 55 and 638?
11
What is the highest common factor of 600 and 96?
24
What is the greatest common divisor of 100 and 140?
20
What is the highest common divisor of 58 and 4988?
58
Calculate the highest common divisor of 17 and 2142.
17
Calculate the greatest common factor of 32 and 1568.
32
What is the greatest common factor of 2600 and 728?
104
What is the greatest common factor of 10 and 160?
10
Calculate the greatest common factor of 525 and 1407.
21
What is the highest common factor of 5 and 185?
5
What is the greatest common factor of 5373 and 54?
27
What is the greatest common factor of 99 and 108?
9
Calculate the greatest common divisor of 8869 and 245.
49
Calculate the greatest common factor of 370 and 2516.
74
What is the highest common factor of 474 and 6399?
237
What is the highest common divisor of 490 and 300?
10
What is the highest common factor of 578 and 34?
34
Calculate the highest common divisor of 248 and 3658.
62
What is the highest common divisor of 312 and 24?
24
Calculate the highest common divisor of 248 and 1147.
31
Calculate the highest common divisor of 3445 and 265.
265
What is the highest common factor of 7 and 21?
7
What is the highest common divisor of 54 and 10782?
18
Calculate the highest common factor of 414 and 90.
18
What is the highest common divisor of 85 and 17561?
17
Calculate the greatest common factor of 456 and 264.
24
Calculate the greatest common factor of 30686 and 134.
134
What is the greatest common factor of 161 and 56?
7
What is the highest common divisor of 125 and 3175?
25
Calculate the greatest common divisor of 264 and 72.
24
Calculate the greatest common divisor of 16 and 64.
16
What is the highest common divisor of 384 and 816?
48
Calculate the highest common divisor of 54 and 1740.
6
Calculate the highest common factor of 78 and 26.
26
What is the highest common divisor of 161 and 69?
23
What is the greatest common factor of 235 and 47?
47
What is the highest common divisor of 76 and 4?
4
What is the greatest common factor of 234 and 12090?
78
Calculate the highest common factor of 944 and 118.
118
What is the greatest common divisor of 150 and 12?
6
Calculate the highest common divisor of 1813 and 833.
49
Calculate the highest common factor of 39 and 4030.
13
Calculate the greatest common factor of 1012 and 368.
92
What is the highest common factor of 2550 and 4050?
150
Calculate the highest common factor of 5 and 43.
1
What is the highest common divisor of 140 and 200?
20
Calculate the highest common factor of 1368 and 216.
72
What is the greatest common factor of 1053 and 624?
39
Calculate the highest common factor of 3828 and 132.
132
Calculate the highest common divisor of 416 and 156.
52
What is the greatest common factor of 1106 and 14?
14
Calculate the highest common divisor of 186 and 527.
31
What is the greatest common divisor of 806 and 93?
31
What is the highest common factor of 4 and 13120?
4
What is the greatest common divisor of 31 and 14446?
31
What is the greatest common divisor of 87 and 87?
87
What is the highest common divisor of 52 and 1222?
26
Calculate the greatest common factor of 115 and 552.
23
What is the highest common divisor of 168 and 420?
84
Calculate the highest common factor of 24 and 264.
24
What is the greatest common factor of 360 and 36?
36
Calculate the greatest common factor of 398 and 18.
2
Calculate the highest common factor of 120 and 6040.
40
Calculate the greatest common divisor of 96 and 20.
4
What is the greatest common factor of 6165 and 165?
15
What is the greatest common divisor of 39 and 780?
39
Calculate the greatest common factor of 24 and 904.
8
Calculate the greatest common factor of 7860 and 60.
60
What is the greatest common factor of 2520 and 70?
70
What is the highest common factor of 343 and 392?
49
What is the greatest common factor of 